be d(-1). Let a be (-1)/(-2)*6 - (f - 9). Let j = -1681 - a. Is j prime?
True
Suppose -5*z - 13 = -2*f + 74, -3*f = z - 173. Suppose -f*n + 52*n + 16412 = 0. Is n prime?
False
Let k(s) = 37069*s - 2095. Is k(36) prime?
True
Let k = 6219 - 6383. Suppose 0 = 5*j - 32 - 2563. Let v = j + k. Is v composite?
True
Let z(l) = -471*l + 351. Let t be z(-5). Let d = t + 712. Is d prime?
False
Suppose -7 - 14 = -5*g - 2*u, -2*g + 5*u - 9 = 0. Suppose 6162 = 4*l - 3*t + 8*t, -g*t + 1537 = l. Is l prime?
True
Let q = -146 + 144. Is ((-16)/2 - -7)/(q/5006) composite?
False
Let f be (1270/25*-1)/((-1)/230). Suppose f - 43378 = -26*g. Is g a prime number?
False
Suppose 4*m + t + 1022 = 0, 0 = 3*m - 3*t - t + 757. Let d be (1 - 1) + -1 + 383. Let a = m + d. Is a a composite number?
False
Suppose -3*k + 4*r = 2, -3*k + 2*r = r + 14. Let z(i) = -467*i - 17. Is z(k) a composite number?
True
Let k = 137 - 97. Let q = k + -58. Is (11331/q)/((-2)/4) a composite number?
False
Let m(u) = -13*u**3 - 2*u**2 + 9*u + 3. Let b be m(4). Suppose 7*q = -3101 + 16933. Let x = b + q. Is x a prime number?
True
Let i = -96218 + 45476. Is i/(-6)*-2*4/(-24) a prime number?
True
Let m(t) = -9*t**2 + 1071*t - 269. Is m(89) a prime number?
True
Let m(r) = r**3 - 4*r**2 - 7*r - 19. Let z = 26 - 17. Is m(z) a composite number?
True
Let h = -1621619 + 2460732. Is h a prime number?
False
Let o(c) = -13*c**2 + 16*c + 32. Let b(t) = -t**2 + 1. Let l(d) = 5*b(d) - o(d). Is l(-8) a composite number?
False
Let z = 5979043 - 3864680. Is z a prime number?
True
Let u be 0 + -6*(3 + -221). Suppose 0 = 10*h + 4 - 34. Suppose -h*s + 3*p + u = -0*s, -887 = -2*s + 5*p. Is s a composite number?
False
Let i(y) = -y + 8. Let q be i(7). Is 2 + 4317 + (q - -7) a composite number?
False
Let n = -53432 + 148495. Is n a composite number?
False
Let s be ((-100)/3)/(38/(-57)). Let z = s - 47. Suppose z*h - 2*h = 2*q - 1591, -4*q + 3161 = 5*h. Is q prime?
False
Let f be (-5)/(-10)*(45 + 0 - 3). Suppose -f*p + 7*p = -108164. Is p prime?
False
Let v(q) = -28*q - 359. Let o be v(-13). Suppose o*l - 2*l = -2*t + 5112, -3*l - 7683 = -3*t. Is t composite?
True
Suppose 0 = -2*m - 2, 4*m + 13374 - 4055 = 3*i. Let v = i - 1722. Is v a composite number?
True
Let c = -1791 - -3411. Let z = c - -539. Is z prime?
False
Suppose 42 = 3*g + 3*g. Let r(c) = 0 + 3 - c - g*c - 11*c. Is r(-4) a prime number?
True
Suppose -2*v - 138*i + 140*i + 134568 = 0, -4*i = -20. Is v composite?
False
Let x = 199 - 193. Is (-2)/x*(-396 + 3) a composite number?
False
Let b be 21864/(-22) + (4 - (-92)/(-22)). Let d = 1275 - b. Is d a prime number?
True
Let y = -12491 + 21325. Suppose -12 = -r + h, 0 = 3*h - 4 - 2. Suppose -r*q = -12*q - y. Is q a composite number?
True
Suppose 650 = 4*h + 9*h. Let l = h - 32. Suppose -22*y = -l*y - 2188. Is y prime?
True
Let q be 36/3*(-12)/(-36) - -89. Is (q + -64)*614/2 prime?
False
Suppose -16*c - 235239 = -83322 - 2507965. Is c prime?
True
Let l be (-576)/(-20) + 16/(-20). Suppose -23*r + l*r - 4190 = 0. Is r composite?
True
Suppose v + d + 3*d - 22 = 0, 0 = 2*v - d - 8. Suppose u - 14866 = -5*p, 4*p - v*p + 5951 = 5*u. Is p composite?
True
Let v be (-264)/(-54) + (-21)/(-189). Let a(p) be the first derivative of 5*p**4/4 + 2*p**3 - 5*p**2/2 + 5*p + 1. Is a(v) prime?
False
Suppose -9*h - 8*h = -10*h - 1071574. Is h a composite number?
True
Suppose 2*y - 3*x - 1112 = -0*y, -2*x = y - 563. Let l = 343 - y. Let q = l + 1655. Is q a prime number?
True
Suppose m = 2, -40*m = 6*x - 37*m - 1222428. Is x composite?
True
Let r = -11204 - -16917. Let f(h) = 4*h**3 - 7*h**2 + 7*h + 9. Let y be f(6). Suppose -8*x + r = -y. Is x prime?
True
Let x(l) = l. Let w(r) = 872*r - 1. Let p(s) = s**3 + 5*s**2 + 4*s - 1. Let h be p(-4). Let c(m) = h*w(m) - 6*x(m). Is c(-1) a prime number?
False
Suppose 0*u = 2*d + 5*u - 315, 3*d - 507 = 4*u. Let m = d + -232. Let o = 650 + m. Is o a composite number?
True
Suppose 92*k = -81*k + 13430855. Is k a composite number?
True
Suppose -31*q = -27*q - 8. Suppose -1954 = -2*p - 0*p + 4*b, q*p - 2*b = 1956. Is p a composite number?
True
Let v(s) = -4*s**2 - 26*s - 10. Let a be v(-6). Is 2/4*(a - -3020) prime?
True
Let v(i) = i**2 - 38*i - 31. Let j be v(25). Let c = 802 + j. Suppose -4*u + 1070 = -c. Is u composite?
False
Suppose -18973225 - 21432243 = -103*k - 13*k. Is k a composite number?
False
Suppose 12659975 = 188*s - 21704357. Is s prime?
True
Let s = 12015 - 4766. Is s a composite number?
True
Suppose 56*c - 190*c = 891509 - 8727427. Is c composite?
False
Let k(c) = -10*c - 69. Let z be k(-6). Let h(v) = 55*v**2 + v - 7. Is h(z) a composite number?
True
Let f(m) = -3*m**3 + m**2 - 2*m + 10. Let g be f(-7). Suppose -2*z + 862 = -g. Is z composite?
True
Let l = 41445 - 15506. Suppose -b = 4, 2*g - b - l = -1595. Suppose -5*k + 12178 = -v + 4*v, 5*k - 5*v = g. Is k a composite number?
True
Let d be (32/(-6) - -2)/(45/(-135)). Is 5/d - (-47598)/12 composite?
False
Suppose 0 = 3*q + 5*s - 136426, 5*s = 3*q - 0*q - 136466. Suppose 4*b - q = z, 2*b - 6*z - 22736 = -3*z. Is b prime?
False
Suppose 2*f + 3*g = g - 18404, -f + 2*g - 9211 = 0. Let i = -5492 - f. Suppose 2*b + 3*r = 3412, i = 3*b + 2*r - 1410. Is b a prime number?
True
Let z(l) = -5 - l**2 - 46*l - 8*l**3 + 20*l + 21*l. Let j be z(-5). Suppose h + 4*f - j = 0, -4*h + 3036 = -h - 5*f. Is h a composite number?
True
Let p = 53 - 39. Suppose -m = 2*u - p, u = -3*m + 3*u + 50. Is 8422/m + 6/(-16) a prime number?
False
Suppose 10*h - 11*h = -2. Suppose -4*o = 2*w - 26 + 4, 0 = -o + 2*w - h. Suppose 0 = -5*v - 5*t + 3585, -2*t + 1097 = o*v - 1763. Is v a prime number?
False
Suppose 4*c + 4*m + 18482 = 137914, -2*m = -3*c + 89599. Is c composite?
False
Is (27904121/(-28))/((-10)/12) + (-4)/(-40) prime?
True
Let h(l) = 319*l - 27. Let u be h(2). Suppose 0 = 10*a - u - 2699. Is a prime?
True
Suppose -4*s + 7 = -5*z - 6, 2*z = -s. Let l be 1/(z/(-382)*-2). Let m = l + 450. Is m prime?
False
Suppose 16*k - 19*k - 1884 = 0. Let l = -2714 - k. Let v = l - -3060. Is v a composite number?
True
Let l(c) be the first derivative of c**3 - 3*c**2/2 - 11*c + 12. Let a = -56 - -67. Is l(a) composite?
True
Let k be -503 - ((-322)/84 - (-1)/(-6)). Let a = k + 833. Is a a composite number?
True
Let s = -40925 + 95839. Is s prime?
False
Let d = 1749 - 7595. Is -3 + (2 - 1)*4 - d a composite number?
True
Suppose -4*u = 5*f + 25254, -3*f - 2 + 8 = 0. Suppose -4*c + 38 = c + 4*g, 3*c - 22 = -2*g. Is (u/c)/(20/(-30)) composite?
False
Let k be 24/10*70/3. Suppose 0 = -11*a + 7*a - k. Let f(s) = s**2 + s + 27. Is f(a) a composite number?
True
Let f(n) = 1697*n + 15. Let g = 171 + -167. Is f(g) a composite number?
False
Suppose -42*z = -34*z + 496. Let x = z - -2595. Is x a composite number?
True
Let u(y) = -y**3 - 7*y**2 - 12*y + 3. Let a be u(-4). Suppose -5*j = -2*t - 25165, -a*j + 3*t = -j - 10066. Is j prime?
False
Suppose 137069 = 11*q + 10756. Is q a composite number?
False
Suppose 5*f - 762133 = -2*j, 13*j - 18*j + 4*f + 1905382 = 0. Is j composite?
True
Suppose 38902109 + 37462170 = 281*g. Is g a composite number?
True
Let f(l) = 9*l**2 + 437*l + 115. Is f(68) prime?
False
Let g(r) = 304*r - 16. Let i = 35 - 32. Let v(s) = -304*s + 17. Let c(l) = i*v(l) + 4*g(l). Is c(3) prime?
False
Suppose -x - 32 - 48 = 0. Let w = 99 - x. Is w prime?
True
Let i be 33/4 + -1 + 3/4. Suppose i*c - 7*c - 1492 = 0. Suppose 1655 = 3*k - c. Is k a prime number?
True
Let m be 4*(-3)/(-30)*-275. Let k = m - -184. Is k a prime number?
False
Let a be -6 - -7 - (2 + 1 - 4). Suppose m + 403 = z - 911, 0 = a*z + m - 2643. Is z a prime number?
True
Let z(y) = -96 + 38 + 11*y**2 + 29 + 10*y**2 + 4*y + 34. Suppose -3*f = -12, 3*t + 2 = f + 4*f. Is z(t) a composite number?
True
Suppose -95079 = -7*r - 34*r. Is r composite?
True
Let n = -790 + 1328. Suppose -2*v + 2*s + 2474 = 0, 0 = -2*s + 5 + 3. Let x = v - n. Is x a prime number?
False
Let g = 55 + -55. Suppose g = 5*h + 3*c - 96, -4*c - 75 = -8*h + 5*h. Suppose -4*z - h + 9 = 0, -3*k + 3*z = -27708. Is k a prime number?
False
Let z(x) = -x**3 - x**2 - 5*x + 16. Let o = 7 + -52. Let y = 40 + o. Is z(y) a composite number?
True
Suppose m = -4*b + 6 - 5, 3 = 3*m. Suppose 0*d - d - 3*a = -5384, -5*d + 3*a + 26902 = b. Is d prime?
Tru